{"id":20511,"date":"2021-09-10T16:27:51","date_gmt":"2021-09-10T14:27:51","guid":{"rendered":"https:\/\/open2europe.com\/agencia-de-consultoria-de-transformacion-digital\/"},"modified":"2026-02-04T13:51:32","modified_gmt":"2026-02-04T12:51:32","slug":"agencia-de-consultoria-de-transformacion-digital","status":"publish","type":"page","link":"https:\/\/open2europe.com\/es\/agencia-de-consultoria-de-transformacion-digital\/","title":{"rendered":"Agencia de Consultor\u00eda de Transformaci\u00f3n Digital"},"content":{"rendered":"<div class=\"et_pb_section_0 et_pb_section et_section_regular et_block_section\"><div class=\"et_pb_row_0 et_pb_row et_block_row\"><div class=\"et_pb_column_0 et_pb_column et_pb_column_4_4 et-last-child et_block_column et_pb_css_mix_blend_mode_passthrough\"><div class=\"et_pb_text_0 et_pb_text et_pb_bg_layout_light et_pb_module et_block_module\"><div class=\"et_pb_text_inner\"><p>AN\u00c1LISIS: Auditor\u00eda y consultor\u00eda en estrategia adhoc<br \/>DESPLIEGUE: Gesti\u00f3n del cambio, tanto organizativo como operativo<br \/>DATAS: valorizaci\u00f3n y segmentaci\u00f3n de los datos de sus clientes,<br \/>Formaci\u00f3n: Temas, apropiaci\u00f3n y coproducci\u00f3n<\/p>\n<p>Gestionamos todas las etapas y procesos de redise\u00f1o de su ecosistema digital para que su organizaci\u00f3n gane en agilidad y productividad.<\/p>\n<\/div><\/div><\/div><\/div><\/div>","protected":false},"excerpt":{"rendered":"<p>Creada en 2001, el grupo Open2Europe le ayuda en vuestra transformaci\u00f3n digital:<\/p>\n","protected":false},"author":1,"featured_media":0,"parent":0,"menu_order":0,"comment_status":"closed","ping_status":"closed","template":"","meta":{"_acf_changed":false,"content-type":"","footnotes":""},"class_list":["post-20511","page","type-page","status-publish","hentry"],"acf":[],"aioseo_notices":[],"_links":{"self":[{"href":"https:\/\/open2europe.com\/es\/wp-json\/wp\/v2\/pages\/20511","targetHints":{"allow":["GET"]}}],"collection":[{"href":"https:\/\/open2europe.com\/es\/wp-json\/wp\/v2\/pages"}],"about":[{"href":"https:\/\/open2europe.com\/es\/wp-json\/wp\/v2\/types\/page"}],"author":[{"embeddable":true,"href":"https:\/\/open2europe.com\/es\/wp-json\/wp\/v2\/users\/1"}],"replies":[{"embeddable":true,"href":"https:\/\/open2europe.com\/es\/wp-json\/wp\/v2\/comments?post=20511"}],"version-history":[{"count":20,"href":"https:\/\/open2europe.com\/es\/wp-json\/wp\/v2\/pages\/20511\/revisions"}],"predecessor-version":[{"id":31563,"href":"https:\/\/open2europe.com\/es\/wp-json\/wp\/v2\/pages\/20511\/revisions\/31563"}],"wp:attachment":[{"href":"https:\/\/open2europe.com\/es\/wp-json\/wp\/v2\/media?parent=20511"}],"curies":[{"name":"wp","href":"https:\/\/api.w.org\/{rel}","templated":true}]}}

Agencia de Consultoría de Transformación Digital

<div class="et_pb_section_0 et_pb_section et_section_regular et_block_section"><div class="et_pb_row_0 et_pb_row et_block_row"><div class="et_pb_column_0 et_pb_column et_pb_column_4_4 et-last-child et_block_column et_pb_css_mix_blend_mode_passthrough"><div class="et_pb_text_0 et_pb_text et_pb_bg_layout_light et_pb_module et_block_module"><div class="et_pb_text_inner"><p>ANÁLISIS: Auditoría y consultoría en estrategia adhoc<br />DESPLIEGUE: Gestión del cambio, tanto organizativo como operativo<br />DATAS: valorización y segmentación de los datos de sus clientes,<br />Formación: Temas, apropiación y coproducción</p>
<p>Gestionamos todas las etapas y procesos de rediseño de su ecosistema digital para que su organización gane en agilidad y productividad.</p>
</div></div></div></div></div>

<p>Creada en 2001, el grupo Open2Europe le ayuda en vuestra transformación digital:</p>
