{"id":20708,"date":"2021-09-23T17:52:53","date_gmt":"2021-09-23T15:52:53","guid":{"rendered":"https:\/\/open2europe.com\/agencia-de-community-management-en-alemania-austria-y-suiza\/"},"modified":"2021-12-14T11:18:04","modified_gmt":"2021-12-14T10:18:04","slug":"agencia-de-community-management-en-alemania-austria-y-suiza","status":"publish","type":"page","link":"https:\/\/open2europe.com\/es\/agencia-de-community-management-en-alemania-austria-y-suiza\/","title":{"rendered":"Agencia de Community Management en Alemania, Austria y Suiza"},"content":{"rendered":"<div class=\"et_d4_element et_pb_section et_pb_section_0  et_pb_css_mix_blend_mode et_section_regular et_block_section\" >\n\t\t\t\t\n\t\t\t\t\n\t\t\t\t\n\t\t\t\t\n\t\t\t\t\n\t\t\t\t\n\t\t\t\t<div class=\"et_d4_element et_pb_row et_pb_row_0  et_pb_css_mix_blend_mode et_block_row\">\n\t\t\t\t<div class=\"et_d4_element et_pb_column_4_4 et_pb_column et_pb_column_0  et_pb_css_mix_blend_mode et-last-child et_block_column\">\n\t\t\t\t\n\t\t\t\t\n\t\t\t\t\n\t\t\t\t\n\t\t\t\t<div class=\"et_pb_module et_d4_element et_pb_text et_pb_text_0  et_pb_text_align_left et_pb_bg_layout_light\">\n\t\t\t\t\n\t\t\t\t\n\t\t\t\t\n\t\t\t\t\n\t\t\t\t<div class=\"et_pb_text_inner\">De Berl\u00edn, a Z\u00farich, pasando por Viena, nuestros Community Managers germanoparlantes pueden desplegar su estrategia de redes sociales seg\u00fan las particularidades de los pa\u00edses germanohablantes (Alemania, Austria y Suiza) y redactar contenido en un alem\u00e1n nativo perfecto. <\/div>\n\t\t\t<\/div>\n\t\t\t<\/div>\n\t\t\t\t\n\t\t\t\t\n\t\t\t\t\n\t\t\t\t\n\t\t\t<\/div>\n\t\t\t\t\n\t\t\t\t\n\t\t\t<\/div>\n","protected":false},"excerpt":{"rendered":"<p>La agencia Open2Digital cuenta con un equipo de Community Managers de habla alemana para guiar su comunicaci\u00f3n en redes sociales y de influencia en Alemania, Austria y en la Suiza de habla alemana<\/p>\n","protected":false},"author":1,"featured_media":0,"parent":0,"menu_order":0,"comment_status":"closed","ping_status":"closed","template":"","meta":{"_acf_changed":false,"content-type":"","_et_pb_use_builder":"off","_et_pb_old_content":"","_et_gb_content_width":"","footnotes":""},"class_list":["post-20708","page","type-page","status-publish","hentry"],"acf":[],"aioseo_notices":[],"_links":{"self":[{"href":"https:\/\/open2europe.com\/es\/wp-json\/wp\/v2\/pages\/20708","targetHints":{"allow":["GET"]}}],"collection":[{"href":"https:\/\/open2europe.com\/es\/wp-json\/wp\/v2\/pages"}],"about":[{"href":"https:\/\/open2europe.com\/es\/wp-json\/wp\/v2\/types\/page"}],"author":[{"embeddable":true,"href":"https:\/\/open2europe.com\/es\/wp-json\/wp\/v2\/users\/1"}],"replies":[{"embeddable":true,"href":"https:\/\/open2europe.com\/es\/wp-json\/wp\/v2\/comments?post=20708"}],"version-history":[{"count":11,"href":"https:\/\/open2europe.com\/es\/wp-json\/wp\/v2\/pages\/20708\/revisions"}],"predecessor-version":[{"id":23408,"href":"https:\/\/open2europe.com\/es\/wp-json\/wp\/v2\/pages\/20708\/revisions\/23408"}],"wp:attachment":[{"href":"https:\/\/open2europe.com\/es\/wp-json\/wp\/v2\/media?parent=20708"}],"curies":[{"name":"wp","href":"https:\/\/api.w.org\/{rel}","templated":true}]}}

<div class="et_d4_element et_pb_section et_pb_section_0  et_pb_css_mix_blend_mode et_section_regular et_block_section" >
				
				
				
				
				
				
				<div class="et_d4_element et_pb_row et_pb_row_0  et_pb_css_mix_blend_mode et_block_row">
				<div class="et_d4_element et_pb_column_4_4 et_pb_column et_pb_column_0  et_pb_css_mix_blend_mode et-last-child et_block_column">
				
				
				
				
				<div class="et_pb_module et_d4_element et_pb_text et_pb_text_0  et_pb_text_align_left et_pb_bg_layout_light">
				
				
				
				
				<div class="et_pb_text_inner">De Berlín, a Zúrich, pasando por Viena, nuestros Community Managers germanoparlantes pueden desplegar su estrategia de redes sociales según las particularidades de los países germanohablantes (Alemania, Austria y Suiza) y redactar contenido en un alemán nativo perfecto. </div>
			</div>
			</div>
				
				
				
				
			</div>
				
				
			</div>

<p>La agencia Open2Digital cuenta con un equipo de Community Managers de habla alemana para guiar su comunicación en redes sociales y de influencia en Alemania, Austria y en la Suiza de habla alemana</p>
