{"id":20746,"date":"2021-09-29T17:49:09","date_gmt":"2021-09-29T15:49:09","guid":{"rendered":"https:\/\/open2europe.com\/agencia-de-community-management-en-espana-portugal\/"},"modified":"2026-02-04T13:51:36","modified_gmt":"2026-02-04T12:51:36","slug":"agencia-de-community-management-en-espana-portugal","status":"publish","type":"page","link":"https:\/\/open2europe.com\/es\/agencia-de-community-management-en-espana-portugal\/","title":{"rendered":"Agencia de Community Management en Espa\u00f1a &amp; Portugal"},"content":{"rendered":"<div class=\"et_pb_section_0 et_pb_section et_section_regular et_block_section\"><div class=\"et_pb_row_0 et_pb_row et_block_row\"><div class=\"et_pb_column_0 et_pb_column et_pb_column_4_4 et-last-child et_block_column et_pb_css_mix_blend_mode_passthrough\"><div class=\"et_pb_text_0 et_pb_text et_pb_bg_layout_light et_pb_module et_block_module\"><div class=\"et_pb_text_inner\"><p>Desde Madrid hasta Lisboa, nuestros Community Managers pueden desplejar su estrategia en redes sociales seg\u00fan las particularidades de los pa\u00edses ib\u00e9ricos (Espa\u00f1a y Portugal) y redactar contenidos en un perfecto espa\u00f1ol y portugu\u00e9s.<\/p>\n<\/div><\/div><\/div><\/div><\/div>","protected":false},"excerpt":{"rendered":"<p>La agencia Open2Digital cuenta con un equipo de Community Managers hispanos y portugueses para gestionar su comunicaci\u00f3n en redes sociales e influencia en la Pen\u00ednsula Ib\u00e9rica pero tambi\u00e9n en toda la Am\u00e9rica latina.<\/p>\n","protected":false},"author":1,"featured_media":0,"parent":0,"menu_order":0,"comment_status":"closed","ping_status":"closed","template":"","meta":{"_acf_changed":false,"content-type":"","footnotes":""},"class_list":["post-20746","page","type-page","status-publish","hentry"],"acf":[],"aioseo_notices":[],"_links":{"self":[{"href":"https:\/\/open2europe.com\/es\/wp-json\/wp\/v2\/pages\/20746","targetHints":{"allow":["GET"]}}],"collection":[{"href":"https:\/\/open2europe.com\/es\/wp-json\/wp\/v2\/pages"}],"about":[{"href":"https:\/\/open2europe.com\/es\/wp-json\/wp\/v2\/types\/page"}],"author":[{"embeddable":true,"href":"https:\/\/open2europe.com\/es\/wp-json\/wp\/v2\/users\/1"}],"replies":[{"embeddable":true,"href":"https:\/\/open2europe.com\/es\/wp-json\/wp\/v2\/comments?post=20746"}],"version-history":[{"count":12,"href":"https:\/\/open2europe.com\/es\/wp-json\/wp\/v2\/pages\/20746\/revisions"}],"predecessor-version":[{"id":31572,"href":"https:\/\/open2europe.com\/es\/wp-json\/wp\/v2\/pages\/20746\/revisions\/31572"}],"wp:attachment":[{"href":"https:\/\/open2europe.com\/es\/wp-json\/wp\/v2\/media?parent=20746"}],"curies":[{"name":"wp","href":"https:\/\/api.w.org\/{rel}","templated":true}]}}

Agencia de Community Management en España &amp; Portugal

<div class="et_pb_section_0 et_pb_section et_section_regular et_block_section"><div class="et_pb_row_0 et_pb_row et_block_row"><div class="et_pb_column_0 et_pb_column et_pb_column_4_4 et-last-child et_block_column et_pb_css_mix_blend_mode_passthrough"><div class="et_pb_text_0 et_pb_text et_pb_bg_layout_light et_pb_module et_block_module"><div class="et_pb_text_inner"><p>Desde Madrid hasta Lisboa, nuestros Community Managers pueden desplejar su estrategia en redes sociales según las particularidades de los países ibéricos (España y Portugal) y redactar contenidos en un perfecto español y portugués.</p>
</div></div></div></div></div>

<p>La agencia Open2Digital cuenta con un equipo de Community Managers hispanos y portugueses para gestionar su comunicación en redes sociales e influencia en la Península Ibérica pero también en toda la América latina.</p>
