{"id":21209,"date":"2021-10-12T11:45:16","date_gmt":"2021-10-12T09:45:16","guid":{"rendered":"https:\/\/open2europe.com\/agencia-de-relaciones-con-la-prensa-moda-lujo\/"},"modified":"2021-12-09T17:47:04","modified_gmt":"2021-12-09T16:47:04","slug":"agencia-de-relaciones-con-la-prensa-moda-lujo","status":"publish","type":"page","link":"https:\/\/open2europe.com\/es\/nuestras-areas-de-especializacion\/agencia-de-relaciones-con-la-prensa-moda-lujo\/","title":{"rendered":"Agencia de Relaciones con la Prensa Moda &amp; Lujo"},"content":{"rendered":"<div class=\"et_d4_element et_pb_section et_pb_section_0  et_pb_css_mix_blend_mode et_section_regular et_block_section\" >\n\t\t\t\t\n\t\t\t\t\n\t\t\t\t\n\t\t\t\t\n\t\t\t\t\n\t\t\t\t\n\t\t\t\t<div class=\"et_d4_element et_pb_row et_pb_row_0  et_pb_css_mix_blend_mode et_block_row\">\n\t\t\t\t<div class=\"et_d4_element et_pb_column_4_4 et_pb_column et_pb_column_0  et_pb_css_mix_blend_mode et-last-child et_block_column\">\n\t\t\t\t\n\t\t\t\t\n\t\t\t\t\n\t\t\t\t\n\t\t\t\t<div class=\"et_pb_module et_d4_element et_pb_text et_pb_text_0  et_pb_text_align_left et_pb_bg_layout_light\">\n\t\t\t\t\n\t\t\t\t\n\t\t\t\t\n\t\t\t\t\n\t\t\t\t<div class=\"et_pb_text_inner\"><p>Nuestros consultores del sector de moda llevan varios a\u00f1os trabajando con actores y marcas del sector (marcas de pr\u00eat-\u00e0-porter, dise\u00f1adores, marcas de accesorios, relojer\u00eda y joyer\u00eda, lencer\u00eda, etc.).<\/p>\n<p>Lanzamiento de colecciones, ediciones limitadas y de marca compartida, apertura de boutiques y tiendas ef\u00edmeras, env\u00edo de compras, press-tours, posicionamiento de productos, acompa\u00f1amiento a salones y ferias p\u00fablicas (Who's Next, Le Salon International de la Lingerie, Premi\u00e8re Vision...), le ofrecemos acciones a medida en respuesta a sus objetivos para una m\u00e1xima visibilidad en los medios y una relaci\u00f3n de calidad con los influencers.<\/p>\n<p>Trabajando con la prensa profesional y del p\u00fablico en general (femenina, masculina, de lujo, de consumo general, de estilo de vida, etc.), on y offline, TV, radio, pero tambi\u00e9n colaborando con influencers de moda y estilo de vida gracias a nuestra agencia de influencia <a href=\"https:\/\/open2influence.com\/\" target=\"_blank\" rel=\"noopener\">Open2Influence<\/a>, adaptamos nuestros mensajes y nuestras acciones a cada uno de sus objetivos.<\/p>\n<p>Nuestra agencia Digital <a href=\"https:\/\/open2digital.com\/\" target=\"_blank\" rel=\"noopener\">Open2Digital<\/a>tambi\u00e9n puede apoyar y desplegar su visibilidad e influencia en las redes sociales.<\/p>\n<p>Gracias a nuestros equipos de consultores europeos y nuestras filiales en China, Am\u00e9rica del Norte y \u00c1frica, disponemos de los recursos necesarios para garantizar el conocimiento y la visibilidad de su marca y sus productos en el extranjero.<\/p><\/div>\n\t\t\t<\/div>\n\t\t\t<\/div>\n\t\t\t\t\n\t\t\t\t\n\t\t\t\t\n\t\t\t\t\n\t\t\t<\/div>\n\t\t\t\t\n\t\t\t\t\n\t\t\t<\/div>\n","protected":false},"excerpt":{"rendered":"<p>El equipo de nuestra agencia de relaciones de prensa de Moda y Lujo est\u00e1 siempre al d\u00eda de las \u00faltimas tendencias, de los it-pieces que componen el vestuario ideal de cada nueva temporada, de los desfiles y de otras noticias relacionadas con el sector. El equipo de Moda se beneficia de un s\u00f3lido conocimiento de la industria de la moda y de sus problem\u00e1ticas<\/p>\n","protected":false},"author":1,"featured_media":0,"parent":20945,"menu_order":0,"comment_status":"closed","ping_status":"closed","template":"","meta":{"_acf_changed":false,"content-type":"","_et_pb_use_builder":"off","_et_pb_old_content":"","_et_gb_content_width":"","footnotes":""},"class_list":["post-21209","page","type-page","status-publish","hentry"],"acf":[],"aioseo_notices":[],"_links":{"self":[{"href":"https:\/\/open2europe.com\/es\/wp-json\/wp\/v2\/pages\/21209","targetHints":{"allow":["GET"]}}],"collection":[{"href":"https:\/\/open2europe.com\/es\/wp-json\/wp\/v2\/pages"}],"about":[{"href":"https:\/\/open2europe.com\/es\/wp-json\/wp\/v2\/types\/page"}],"author":[{"embeddable":true,"href":"https:\/\/open2europe.com\/es\/wp-json\/wp\/v2\/users\/1"}],"replies":[{"embeddable":true,"href":"https:\/\/open2europe.com\/es\/wp-json\/wp\/v2\/comments?post=21209"}],"version-history":[{"count":4,"href":"https:\/\/open2europe.com\/es\/wp-json\/wp\/v2\/pages\/21209\/revisions"}],"predecessor-version":[{"id":23156,"href":"https:\/\/open2europe.com\/es\/wp-json\/wp\/v2\/pages\/21209\/revisions\/23156"}],"up":[{"embeddable":true,"href":"https:\/\/open2europe.com\/es\/wp-json\/wp\/v2\/pages\/20945"}],"wp:attachment":[{"href":"https:\/\/open2europe.com\/es\/wp-json\/wp\/v2\/media?parent=21209"}],"curies":[{"name":"wp","href":"https:\/\/api.w.org\/{rel}","templated":true}]}}

<div class="et_d4_element et_pb_section et_pb_section_0  et_pb_css_mix_blend_mode et_section_regular et_block_section" >
				
				
				
				
				
				
				<div class="et_d4_element et_pb_row et_pb_row_0  et_pb_css_mix_blend_mode et_block_row">
				<div class="et_d4_element et_pb_column_4_4 et_pb_column et_pb_column_0  et_pb_css_mix_blend_mode et-last-child et_block_column">
				
				
				
				
				<div class="et_pb_module et_d4_element et_pb_text et_pb_text_0  et_pb_text_align_left et_pb_bg_layout_light">
				
				
				
				
				<div class="et_pb_text_inner"><p>Nuestros consultores del sector de moda llevan varios años trabajando con actores y marcas del sector (marcas de prêt-à-porter, diseñadores, marcas de accesorios, relojería y joyería, lencería, etc.).</p>
<p>Lanzamiento de colecciones, ediciones limitadas y de marca compartida, apertura de boutiques y tiendas efímeras, envío de compras, press-tours, posicionamiento de productos, acompañamiento a salones y ferias públicas (Who's Next, Le Salon International de la Lingerie, Première Vision...), le ofrecemos acciones a medida en respuesta a sus objetivos para una máxima visibilidad en los medios y una relación de calidad con los influencers.</p>
<p>Trabajando con la prensa profesional y del público en general (femenina, masculina, de lujo, de consumo general, de estilo de vida, etc.), on y offline, TV, radio, pero también colaborando con influencers de moda y estilo de vida gracias a nuestra agencia de influencia <a href="https://open2influence.com/" target="_blank" rel="noopener">Open2Influence</a>, adaptamos nuestros mensajes y nuestras acciones a cada uno de sus objetivos.</p>
<p>Nuestra agencia Digital <a href="https://open2digital.com/" target="_blank" rel="noopener">Open2Digital</a>también puede apoyar y desplegar su visibilidad e influencia en las redes sociales.</p>
<p>Gracias a nuestros equipos de consultores europeos y nuestras filiales en China, América del Norte y África, disponemos de los recursos necesarios para garantizar el conocimiento y la visibilidad de su marca y sus productos en el extranjero.</p></div>
			</div>
			</div>
				
				
				
				
			</div>
				
				
			</div>

<p>El equipo de nuestra agencia de relaciones de prensa de Moda y Lujo está siempre al día de las últimas tendencias, de los it-pieces que componen el vestuario ideal de cada nueva temporada, de los desfiles y de otras noticias relacionadas con el sector. El equipo de Moda se beneficia de un sólido conocimiento de la industria de la moda y de sus problemáticas</p>
