{"id":21247,"date":"2021-10-12T16:45:14","date_gmt":"2021-10-12T14:45:14","guid":{"rendered":"https:\/\/open2europe.com\/agencia-de-relaciones-con-la-prensa-espana-y-portugal\/"},"modified":"2021-12-09T17:40:06","modified_gmt":"2021-12-09T16:40:06","slug":"agencia-de-relaciones-con-la-prensa-espana-y-portugal","status":"publish","type":"page","link":"https:\/\/open2europe.com\/es\/agencia-de-relaciones-con-la-prensa-espana-y-portugal\/","title":{"rendered":"Agencia de Relaciones con la Prensa Espa\u00f1a y Portugal"},"content":{"rendered":"<div class=\"et_d4_element et_pb_section et_pb_section_0  et_pb_css_mix_blend_mode et_section_regular et_block_section\" >\n\t\t\t\t\n\t\t\t\t\n\t\t\t\t\n\t\t\t\t\n\t\t\t\t\n\t\t\t\t\n\t\t\t\t<div class=\"et_d4_element et_pb_row et_pb_row_0  et_pb_css_mix_blend_mode et_block_row\">\n\t\t\t\t<div class=\"et_d4_element et_pb_column_4_4 et_pb_column et_pb_column_0  et_pb_css_mix_blend_mode et-last-child et_block_column\">\n\t\t\t\t\n\t\t\t\t\n\t\t\t\t\n\t\t\t\t\n\t\t\t\t<div class=\"et_pb_module et_d4_element et_pb_text et_pb_text_0  et_pb_text_align_left et_pb_bg_layout_light\">\n\t\t\t\t\n\t\t\t\t\n\t\t\t\t\n\t\t\t\t\n\t\t\t\t<div class=\"et_pb_text_inner\">\u00bfQuiere reunirse con los medios de comunicaci\u00f3n en Medpi Iberia, Mobile World Congress en Barcelona, Melco en Valencia, promocionar su destino en FITUR en Madrid, presentar sus colecciones en MoMad Metr\u00f3polis en Madrid o mostrar sus productos en Expo Food Service, Alimentaria o Sal\u00f3n del Gourmet en Madrid? Sea cual sea su sector, nuestros equipos le garantizan profesionalidad y un perfecto conocimiento del universo medi\u00e1tico de sus mercados para asegurar la m\u00e1xima visibilidad.<\/div>\n\t\t\t<\/div>\n\t\t\t<\/div>\n\t\t\t\t\n\t\t\t\t\n\t\t\t\t\n\t\t\t\t\n\t\t\t<\/div>\n\t\t\t\t\n\t\t\t\t\n\t\t\t<\/div>\n","protected":false},"excerpt":{"rendered":"<p>El equipo de Open2Europe encargado de la zona ib\u00e9rica est\u00e1 formado por consultores nativos de Espa\u00f1a y Portugal, capaces de dirigir sus campa\u00f1as en estos pa\u00edses y en toda Am\u00e9rica Latina<\/p>\n","protected":false},"author":1,"featured_media":0,"parent":0,"menu_order":0,"comment_status":"closed","ping_status":"closed","template":"","meta":{"_acf_changed":false,"content-type":"","_et_pb_use_builder":"off","_et_pb_old_content":"","_et_gb_content_width":"","footnotes":""},"class_list":["post-21247","page","type-page","status-publish","hentry"],"acf":[],"aioseo_notices":[],"_links":{"self":[{"href":"https:\/\/open2europe.com\/es\/wp-json\/wp\/v2\/pages\/21247","targetHints":{"allow":["GET"]}}],"collection":[{"href":"https:\/\/open2europe.com\/es\/wp-json\/wp\/v2\/pages"}],"about":[{"href":"https:\/\/open2europe.com\/es\/wp-json\/wp\/v2\/types\/page"}],"author":[{"embeddable":true,"href":"https:\/\/open2europe.com\/es\/wp-json\/wp\/v2\/users\/1"}],"replies":[{"embeddable":true,"href":"https:\/\/open2europe.com\/es\/wp-json\/wp\/v2\/comments?post=21247"}],"version-history":[{"count":4,"href":"https:\/\/open2europe.com\/es\/wp-json\/wp\/v2\/pages\/21247\/revisions"}],"predecessor-version":[{"id":23124,"href":"https:\/\/open2europe.com\/es\/wp-json\/wp\/v2\/pages\/21247\/revisions\/23124"}],"wp:attachment":[{"href":"https:\/\/open2europe.com\/es\/wp-json\/wp\/v2\/media?parent=21247"}],"curies":[{"name":"wp","href":"https:\/\/api.w.org\/{rel}","templated":true}]}}

Agencia de Relaciones con la Prensa España y Portugal

<div class="et_d4_element et_pb_section et_pb_section_0  et_pb_css_mix_blend_mode et_section_regular et_block_section" >
				
				
				
				
				
				
				<div class="et_d4_element et_pb_row et_pb_row_0  et_pb_css_mix_blend_mode et_block_row">
				<div class="et_d4_element et_pb_column_4_4 et_pb_column et_pb_column_0  et_pb_css_mix_blend_mode et-last-child et_block_column">
				
				
				
				
				<div class="et_pb_module et_d4_element et_pb_text et_pb_text_0  et_pb_text_align_left et_pb_bg_layout_light">
				
				
				
				
				<div class="et_pb_text_inner">¿Quiere reunirse con los medios de comunicación en Medpi Iberia, Mobile World Congress en Barcelona, Melco en Valencia, promocionar su destino en FITUR en Madrid, presentar sus colecciones en MoMad Metrópolis en Madrid o mostrar sus productos en Expo Food Service, Alimentaria o Salón del Gourmet en Madrid? Sea cual sea su sector, nuestros equipos le garantizan profesionalidad y un perfecto conocimiento del universo mediático de sus mercados para asegurar la máxima visibilidad.</div>
			</div>
			</div>
				
				
				
				
			</div>
				
				
			</div>

<p>El equipo de Open2Europe encargado de la zona ibérica está formado por consultores nativos de España y Portugal, capaces de dirigir sus campañas en estos países y en toda América Latina</p>
