{"id":21256,"date":"2021-10-12T17:03:29","date_gmt":"2021-10-12T15:03:29","guid":{"rendered":"https:\/\/open2europe.com\/agencia-de-relaciones-con-la-prensa-en-el-europa-del-norte\/"},"modified":"2021-12-09T17:42:00","modified_gmt":"2021-12-09T16:42:00","slug":"agencia-de-relaciones-con-la-prensa-en-el-europa-del-norte","status":"publish","type":"page","link":"https:\/\/open2europe.com\/es\/agencia-de-relaciones-con-la-prensa-en-el-europa-del-norte\/","title":{"rendered":"Agencia de Relaciones con la Prensa en el Europa del Norte"},"content":{"rendered":"<div class=\"et_d4_element et_pb_section et_pb_section_0  et_pb_css_mix_blend_mode et_section_regular et_block_section\" >\n\t\t\t\t\n\t\t\t\t\n\t\t\t\t\n\t\t\t\t\n\t\t\t\t\n\t\t\t\t\n\t\t\t\t<div class=\"et_d4_element et_pb_row et_pb_row_0  et_pb_css_mix_blend_mode et_block_row\">\n\t\t\t\t<div class=\"et_d4_element et_pb_column_4_4 et_pb_column et_pb_column_0  et_pb_css_mix_blend_mode et-last-child et_block_column\">\n\t\t\t\t\n\t\t\t\t\n\t\t\t\t\n\t\t\t\t\n\t\t\t\t<div class=\"et_pb_module et_d4_element et_pb_text et_pb_text_0  et_pb_text_align_left et_pb_bg_layout_light\">\n\t\t\t\t\n\t\t\t\t\n\t\t\t\t\n\t\t\t\t\n\t\t\t\t<div class=\"et_pb_text_inner\">Nuestros consultores son nativos de estos pa\u00edses y est\u00e1n en contacto diario con los principales medios de comunicaci\u00f3n de su pa\u00eds.<\/p>\n<p>Sean cuales sean sus temas y su posicionamiento, definir\u00e1n una estrategia de influencia adaptada a sus mercados para apoyar su desarrollo. Habitare, Gastro, Digi &amp; Mobile Summit? Pueden posicionarle y ponerle delante de las personas adecuadas en los principales salones de su pa\u00eds.<\/div>\n\t\t\t<\/div>\n\t\t\t<\/div>\n\t\t\t\t\n\t\t\t\t\n\t\t\t\t\n\t\t\t\t\n\t\t\t<\/div>\n\t\t\t\t\n\t\t\t\t\n\t\t\t<\/div>\n","protected":false},"excerpt":{"rendered":"<p>El equipo escandinavo de Open2Europe cubre para usted los mayores pa\u00edses del norte de Europa: Noruega, Suecia, Finlandia, etc. <\/p>\n","protected":false},"author":1,"featured_media":0,"parent":0,"menu_order":0,"comment_status":"closed","ping_status":"closed","template":"","meta":{"_acf_changed":false,"content-type":"","_et_pb_use_builder":"off","_et_pb_old_content":"","_et_gb_content_width":"","footnotes":""},"class_list":["post-21256","page","type-page","status-publish","hentry"],"acf":[],"aioseo_notices":[],"_links":{"self":[{"href":"https:\/\/open2europe.com\/es\/wp-json\/wp\/v2\/pages\/21256","targetHints":{"allow":["GET"]}}],"collection":[{"href":"https:\/\/open2europe.com\/es\/wp-json\/wp\/v2\/pages"}],"about":[{"href":"https:\/\/open2europe.com\/es\/wp-json\/wp\/v2\/types\/page"}],"author":[{"embeddable":true,"href":"https:\/\/open2europe.com\/es\/wp-json\/wp\/v2\/users\/1"}],"replies":[{"embeddable":true,"href":"https:\/\/open2europe.com\/es\/wp-json\/wp\/v2\/comments?post=21256"}],"version-history":[{"count":4,"href":"https:\/\/open2europe.com\/es\/wp-json\/wp\/v2\/pages\/21256\/revisions"}],"predecessor-version":[{"id":23132,"href":"https:\/\/open2europe.com\/es\/wp-json\/wp\/v2\/pages\/21256\/revisions\/23132"}],"wp:attachment":[{"href":"https:\/\/open2europe.com\/es\/wp-json\/wp\/v2\/media?parent=21256"}],"curies":[{"name":"wp","href":"https:\/\/api.w.org\/{rel}","templated":true}]}}

<div class="et_d4_element et_pb_section et_pb_section_0  et_pb_css_mix_blend_mode et_section_regular et_block_section" >
				
				
				
				
				
				
				<div class="et_d4_element et_pb_row et_pb_row_0  et_pb_css_mix_blend_mode et_block_row">
				<div class="et_d4_element et_pb_column_4_4 et_pb_column et_pb_column_0  et_pb_css_mix_blend_mode et-last-child et_block_column">
				
				
				
				
				<div class="et_pb_module et_d4_element et_pb_text et_pb_text_0  et_pb_text_align_left et_pb_bg_layout_light">
				
				
				
				
				<div class="et_pb_text_inner">Nuestros consultores son nativos de estos países y están en contacto diario con los principales medios de comunicación de su país.</p>
<p>Sean cuales sean sus temas y su posicionamiento, definirán una estrategia de influencia adaptada a sus mercados para apoyar su desarrollo. Habitare, Gastro, Digi &amp; Mobile Summit? Pueden posicionarle y ponerle delante de las personas adecuadas en los principales salones de su país.</div>
			</div>
			</div>
				
				
				
				
			</div>
				
				
			</div>

<p>El equipo escandinavo de Open2Europe cubre para usted los mayores países del norte de Europa: Noruega, Suecia, Finlandia, etc. </p>
