{"id":22664,"date":"2021-12-08T17:02:17","date_gmt":"2021-12-08T16:02:17","guid":{"rendered":"https:\/\/open2europe.com\/programa-digital\/"},"modified":"2022-03-07T15:41:03","modified_gmt":"2022-03-07T14:41:03","slug":"programa-digital","status":"publish","type":"page","link":"https:\/\/open2europe.com\/es\/programa-digital\/","title":{"rendered":"Programa Digital"},"content":{"rendered":"<div class=\"et_d4_element et_pb_section et_pb_section_0  et_pb_css_mix_blend_mode et_section_regular et_block_section\" >\n\t\t\t\t\n\t\t\t\t\n\t\t\t\t\n\t\t\t\t\n\t\t\t\t\n\t\t\t\t\n\t\t\t\t<div class=\"et_d4_element et_pb_row et_pb_row_0  et_pb_css_mix_blend_mode et_block_row\">\n\t\t\t\t<div class=\"et_d4_element et_pb_column_4_4 et_pb_column et_pb_column_0  et_pb_css_mix_blend_mode et-last-child et_block_column\">\n\t\t\t\t\n\t\t\t\t\n\t\t\t\t\n\t\t\t\t\n\t\t\t\t<div class=\"et_pb_module et_d4_element et_pb_text et_pb_text_0  et_pb_text_align_left et_pb_bg_layout_light\">\n\t\t\t\t\n\t\t\t\t\n\t\t\t\t\n\t\t\t\t\n\t\t\t\t<div class=\"et_pb_text_inner\">Este equipo de expertos, social media managers, community managers, directores art\u00edsticos, especialistas en social ads, etc., podr\u00e1 ayudarle, tanto en Francia como en el resto de Europa, en la elaboraci\u00f3n e implementaci\u00f3n de su estrategia digital, desde la definici\u00f3n de su carta editorial, hasta el community management en sus redes sociales, pasando por la producci\u00f3n de contenidos pertinentes y atractivos:<br \/>\nFacebook, Instagram, Twitter, TikTok, LinkedIn, VK, WeChat, \u2026<\/p>\n<p>No olvide que hoy en d\u00eda las redes sociales no son s\u00f3lo herramientas de comunicaci\u00f3n, sino tambi\u00e9n herramientas para la venta.<\/p>\n<p>Responderemos a todas sus necesidades, puntuales o a largo plazo, sean cuales sean sus limitaciones presupuestarias o de planificaci\u00f3n.<\/div>\n\t\t\t<\/div>\n\t\t\t<\/div>\n\t\t\t\t\n\t\t\t\t\n\t\t\t\t\n\t\t\t\t\n\t\t\t<\/div>\n\t\t\t\t\n\t\t\t\t\n\t\t\t<\/div>\n","protected":false},"excerpt":{"rendered":"<p>La comunicaci\u00f3n digital se ha convertido en algo imprescindible. Es por ello que hemos creado en 2014 una filial consagrada: Open2Digital<\/p>\n","protected":false},"author":1,"featured_media":0,"parent":0,"menu_order":0,"comment_status":"closed","ping_status":"closed","template":"","meta":{"_acf_changed":false,"content-type":"","_et_pb_use_builder":"off","_et_pb_old_content":"","_et_gb_content_width":"","footnotes":""},"class_list":["post-22664","page","type-page","status-publish","hentry"],"acf":[],"aioseo_notices":[],"_links":{"self":[{"href":"https:\/\/open2europe.com\/es\/wp-json\/wp\/v2\/pages\/22664","targetHints":{"allow":["GET"]}}],"collection":[{"href":"https:\/\/open2europe.com\/es\/wp-json\/wp\/v2\/pages"}],"about":[{"href":"https:\/\/open2europe.com\/es\/wp-json\/wp\/v2\/types\/page"}],"author":[{"embeddable":true,"href":"https:\/\/open2europe.com\/es\/wp-json\/wp\/v2\/users\/1"}],"replies":[{"embeddable":true,"href":"https:\/\/open2europe.com\/es\/wp-json\/wp\/v2\/comments?post=22664"}],"version-history":[{"count":6,"href":"https:\/\/open2europe.com\/es\/wp-json\/wp\/v2\/pages\/22664\/revisions"}],"predecessor-version":[{"id":23765,"href":"https:\/\/open2europe.com\/es\/wp-json\/wp\/v2\/pages\/22664\/revisions\/23765"}],"wp:attachment":[{"href":"https:\/\/open2europe.com\/es\/wp-json\/wp\/v2\/media?parent=22664"}],"curies":[{"name":"wp","href":"https:\/\/api.w.org\/{rel}","templated":true}]}}

<div class="et_d4_element et_pb_section et_pb_section_0  et_pb_css_mix_blend_mode et_section_regular et_block_section" >
				
				
				
				
				
				
				<div class="et_d4_element et_pb_row et_pb_row_0  et_pb_css_mix_blend_mode et_block_row">
				<div class="et_d4_element et_pb_column_4_4 et_pb_column et_pb_column_0  et_pb_css_mix_blend_mode et-last-child et_block_column">
				
				
				
				
				<div class="et_pb_module et_d4_element et_pb_text et_pb_text_0  et_pb_text_align_left et_pb_bg_layout_light">
				
				
				
				
				<div class="et_pb_text_inner">Este equipo de expertos, social media managers, community managers, directores artísticos, especialistas en social ads, etc., podrá ayudarle, tanto en Francia como en el resto de Europa, en la elaboración e implementación de su estrategia digital, desde la definición de su carta editorial, hasta el community management en sus redes sociales, pasando por la producción de contenidos pertinentes y atractivos:<br />
Facebook, Instagram, Twitter, TikTok, LinkedIn, VK, WeChat, …</p>
<p>No olvide que hoy en día las redes sociales no son sólo herramientas de comunicación, sino también herramientas para la venta.</p>
<p>Responderemos a todas sus necesidades, puntuales o a largo plazo, sean cuales sean sus limitaciones presupuestarias o de planificación.</div>
			</div>
			</div>
				
				
				
				
			</div>
				
				
			</div>

<p>La comunicación digital se ha convertido en algo imprescindible. Es por ello que hemos creado en 2014 una filial consagrada: Open2Digital</p>
