{"id":22670,"date":"2021-12-08T17:03:17","date_gmt":"2021-12-08T16:03:17","guid":{"rendered":"https:\/\/open2europe.com\/programa-potenciador-de-ventas\/"},"modified":"2026-02-04T13:51:55","modified_gmt":"2026-02-04T12:51:55","slug":"programa-potenciador-de-ventas","status":"publish","type":"page","link":"https:\/\/open2europe.com\/es\/programa-potenciador-de-ventas\/","title":{"rendered":"Programa Potenciador de Ventas"},"content":{"rendered":"<div class=\"et_pb_section_0 et_pb_section et_section_regular et_block_section\"><div class=\"et_pb_row_0 et_pb_row et_block_row\"><div class=\"et_pb_column_0 et_pb_column et_pb_column_4_4 et-last-child et_block_column et_pb_css_mix_blend_mode_passthrough\"><div class=\"et_pb_text_0 et_pb_text et_pb_bg_layout_light et_pb_module et_block_module\"><div class=\"et_pb_text_inner\"><p>Le acompa\u00f1amos a desarrollar estrategias para aumentar sus ventas: generar tr\u00e1fico hacia su p\u00e1gina de comercio electr\u00f3nico o hacia sus distribuidores y transformar este tr\u00e1fico en una compra.<\/p>\n<p>Disponemos de todas las herramientas, competencias y servicios para ofrecerle soluciones, tanto en Francia como a nivel internacional, para impulsar su crecimiento y peticiones.<\/p>\n<p>Responderemos a todas sus necesidades, puntuales o a largo plazo, sean cuales sean sus limitaciones presupuestarias o de planificaci\u00f3n. <\/p>\n<\/div><\/div><\/div><\/div><\/div>","protected":false},"excerpt":{"rendered":"<p>El papel principal del marketing y la comunicaci\u00f3n es apoyar su crecimiento. <\/p>\n","protected":false},"author":1,"featured_media":0,"parent":0,"menu_order":0,"comment_status":"closed","ping_status":"closed","template":"","meta":{"_acf_changed":false,"content-type":"","footnotes":""},"class_list":["post-22670","page","type-page","status-publish","hentry"],"acf":[],"aioseo_notices":[],"_links":{"self":[{"href":"https:\/\/open2europe.com\/es\/wp-json\/wp\/v2\/pages\/22670","targetHints":{"allow":["GET"]}}],"collection":[{"href":"https:\/\/open2europe.com\/es\/wp-json\/wp\/v2\/pages"}],"about":[{"href":"https:\/\/open2europe.com\/es\/wp-json\/wp\/v2\/types\/page"}],"author":[{"embeddable":true,"href":"https:\/\/open2europe.com\/es\/wp-json\/wp\/v2\/users\/1"}],"replies":[{"embeddable":true,"href":"https:\/\/open2europe.com\/es\/wp-json\/wp\/v2\/comments?post=22670"}],"version-history":[{"count":6,"href":"https:\/\/open2europe.com\/es\/wp-json\/wp\/v2\/pages\/22670\/revisions"}],"predecessor-version":[{"id":31612,"href":"https:\/\/open2europe.com\/es\/wp-json\/wp\/v2\/pages\/22670\/revisions\/31612"}],"wp:attachment":[{"href":"https:\/\/open2europe.com\/es\/wp-json\/wp\/v2\/media?parent=22670"}],"curies":[{"name":"wp","href":"https:\/\/api.w.org\/{rel}","templated":true}]}}

<div class="et_pb_section_0 et_pb_section et_section_regular et_block_section"><div class="et_pb_row_0 et_pb_row et_block_row"><div class="et_pb_column_0 et_pb_column et_pb_column_4_4 et-last-child et_block_column et_pb_css_mix_blend_mode_passthrough"><div class="et_pb_text_0 et_pb_text et_pb_bg_layout_light et_pb_module et_block_module"><div class="et_pb_text_inner"><p>Le acompañamos a desarrollar estrategias para aumentar sus ventas: generar tráfico hacia su página de comercio electrónico o hacia sus distribuidores y transformar este tráfico en una compra.</p>
<p>Disponemos de todas las herramientas, competencias y servicios para ofrecerle soluciones, tanto en Francia como a nivel internacional, para impulsar su crecimiento y peticiones.</p>
<p>Responderemos a todas sus necesidades, puntuales o a largo plazo, sean cuales sean sus limitaciones presupuestarias o de planificación. </p>
</div></div></div></div></div>

<p>El papel principal del marketing y la comunicación es apoyar su crecimiento. </p>
