{"id":22974,"date":"2021-12-09T16:58:50","date_gmt":"2021-12-09T15:58:50","guid":{"rendered":"https:\/\/open2europe.com\/agencia-de-eventos-para-prensa-e-influencers\/"},"modified":"2021-12-09T16:58:53","modified_gmt":"2021-12-09T15:58:53","slug":"agencia-de-eventos-para-prensa-e-influencers","status":"publish","type":"page","link":"https:\/\/open2europe.com\/es\/agencia-de-eventos-para-prensa-e-influencers\/","title":{"rendered":"Agencia de eventos para prensa e influencers"},"content":{"rendered":"<div class=\"et_d4_element et_pb_section et_pb_section_0  et_pb_css_mix_blend_mode et_section_regular et_block_section\" >\n\t\t\t\t\n\t\t\t\t\n\t\t\t\t\n\t\t\t\t\n\t\t\t\t\n\t\t\t\t\n\t\t\t\t<div class=\"et_d4_element et_pb_row et_pb_row_0  et_pb_css_mix_blend_mode et_block_row\">\n\t\t\t\t<div class=\"et_d4_element et_pb_column_4_4 et_pb_column et_pb_column_0  et_pb_css_mix_blend_mode et-last-child et_block_column\">\n\t\t\t\t\n\t\t\t\t\n\t\t\t\t\n\t\t\t\t\n\t\t\t\t<div class=\"et_pb_module et_d4_element et_pb_text et_pb_text_0  et_pb_text_align_left et_pb_bg_layout_light\">\n\t\t\t\t\n\t\t\t\t\n\t\t\t\t\n\t\t\t\t\n\t\t\t\t<div class=\"et_pb_text_inner\">Open2Europe, la agencia de eventos para la prensa e influencers, pone a su disposici\u00f3n toda su experiencia para organizar con \u00e9xito sus eventos para la prensa e influencers en Francia y en el extranjero: reuniones con la prensa o influencers, conferencias de prensa, reuniones informativas para la prensa, desayunos o almuerzos con la prensa o influencers, visitas a f\u00e1bricas, jornadas de puertas abiertas, presentaciones de productos, inauguraciones, aniversarios, mesas redondas, etc.<\/p>\n<p>Nuestros equipos le asesoran y apoyan en el dise\u00f1o y la planificaci\u00f3n de su proyecto de evento, en la b\u00fasqueda y coordinaci\u00f3n de los proveedores de servicios (locales, catering, equipos audiovisuales, entretenimiento, etc.) y en la comunicaci\u00f3n a trav\u00e9s de los medios y las redes sociales.<\/p>\n<p>Nuestros equipos tambi\u00e9n pueden gestionar su cobertura medi\u00e1tica en salones, ferias, eventos nacionales o internacionales, con el fin de optimizar su presencia en estos grandes encuentros. Nuestros asesores organizar\u00e1n su comunicaci\u00f3n antes, durante y, por supuesto, despu\u00e9s del evento: elaboraci\u00f3n de herramientas de prensa, producci\u00f3n de un calendario y contenidos digitales, planificaci\u00f3n y organizaci\u00f3n de encuentros con periodistas en su stand, organizaci\u00f3n de discursos en conferencias sobre su \u00e1mbito de actividad, gesti\u00f3n de su zona de prensa, retransmisi\u00f3n en las redes sociales, etc.<\/div>\n\t\t\t<\/div>\n\t\t\t<\/div>\n\t\t\t\t\n\t\t\t\t\n\t\t\t\t\n\t\t\t\t\n\t\t\t<\/div>\n\t\t\t\t\n\t\t\t\t\n\t\t\t<\/div>\n","protected":false},"excerpt":{"rendered":"<p>Los eventos son oportunidades que no deben perderse para conocer y conectar con periodistas, blogueros y personas influyentes en su campo<\/p>\n","protected":false},"author":1,"featured_media":0,"parent":0,"menu_order":0,"comment_status":"closed","ping_status":"closed","template":"","meta":{"_acf_changed":false,"content-type":"","_et_pb_use_builder":"off","_et_pb_old_content":"","_et_gb_content_width":"","footnotes":""},"class_list":["post-22974","page","type-page","status-publish","hentry"],"acf":[],"aioseo_notices":[],"_links":{"self":[{"href":"https:\/\/open2europe.com\/es\/wp-json\/wp\/v2\/pages\/22974","targetHints":{"allow":["GET"]}}],"collection":[{"href":"https:\/\/open2europe.com\/es\/wp-json\/wp\/v2\/pages"}],"about":[{"href":"https:\/\/open2europe.com\/es\/wp-json\/wp\/v2\/types\/page"}],"author":[{"embeddable":true,"href":"https:\/\/open2europe.com\/es\/wp-json\/wp\/v2\/users\/1"}],"replies":[{"embeddable":true,"href":"https:\/\/open2europe.com\/es\/wp-json\/wp\/v2\/comments?post=22974"}],"version-history":[{"count":2,"href":"https:\/\/open2europe.com\/es\/wp-json\/wp\/v2\/pages\/22974\/revisions"}],"predecessor-version":[{"id":23016,"href":"https:\/\/open2europe.com\/es\/wp-json\/wp\/v2\/pages\/22974\/revisions\/23016"}],"wp:attachment":[{"href":"https:\/\/open2europe.com\/es\/wp-json\/wp\/v2\/media?parent=22974"}],"curies":[{"name":"wp","href":"https:\/\/api.w.org\/{rel}","templated":true}]}}

<div class="et_d4_element et_pb_section et_pb_section_0  et_pb_css_mix_blend_mode et_section_regular et_block_section" >
				
				
				
				
				
				
				<div class="et_d4_element et_pb_row et_pb_row_0  et_pb_css_mix_blend_mode et_block_row">
				<div class="et_d4_element et_pb_column_4_4 et_pb_column et_pb_column_0  et_pb_css_mix_blend_mode et-last-child et_block_column">
				
				
				
				
				<div class="et_pb_module et_d4_element et_pb_text et_pb_text_0  et_pb_text_align_left et_pb_bg_layout_light">
				
				
				
				
				<div class="et_pb_text_inner">Open2Europe, la agencia de eventos para la prensa e influencers, pone a su disposición toda su experiencia para organizar con éxito sus eventos para la prensa e influencers en Francia y en el extranjero: reuniones con la prensa o influencers, conferencias de prensa, reuniones informativas para la prensa, desayunos o almuerzos con la prensa o influencers, visitas a fábricas, jornadas de puertas abiertas, presentaciones de productos, inauguraciones, aniversarios, mesas redondas, etc.</p>
<p>Nuestros equipos le asesoran y apoyan en el diseño y la planificación de su proyecto de evento, en la búsqueda y coordinación de los proveedores de servicios (locales, catering, equipos audiovisuales, entretenimiento, etc.) y en la comunicación a través de los medios y las redes sociales.</p>
<p>Nuestros equipos también pueden gestionar su cobertura mediática en salones, ferias, eventos nacionales o internacionales, con el fin de optimizar su presencia en estos grandes encuentros. Nuestros asesores organizarán su comunicación antes, durante y, por supuesto, después del evento: elaboración de herramientas de prensa, producción de un calendario y contenidos digitales, planificación y organización de encuentros con periodistas en su stand, organización de discursos en conferencias sobre su ámbito de actividad, gestión de su zona de prensa, retransmisión en las redes sociales, etc.</div>
			</div>
			</div>
				
				
				
				
			</div>
				
				
			</div>
