{"id":23508,"date":"2021-12-16T10:15:07","date_gmt":"2021-12-16T09:15:07","guid":{"rendered":"https:\/\/open2europe.com\/agencia-de-storytelling\/"},"modified":"2021-12-16T10:15:09","modified_gmt":"2021-12-16T09:15:09","slug":"agencia-de-storytelling","status":"publish","type":"page","link":"https:\/\/open2europe.com\/es\/agencia-de-storytelling\/","title":{"rendered":"Agencia de Storytelling"},"content":{"rendered":"<div class=\"et_d4_element et_pb_section et_pb_section_0  et_pb_css_mix_blend_mode et_section_regular et_block_section\" >\n\t\t\t\t\n\t\t\t\t\n\t\t\t\t\n\t\t\t\t\n\t\t\t\t\n\t\t\t\t\n\t\t\t\t<div class=\"et_d4_element et_pb_row et_pb_row_0  et_pb_css_mix_blend_mode et_block_row\">\n\t\t\t\t<div class=\"et_d4_element et_pb_column_4_4 et_pb_column et_pb_column_0  et_pb_css_mix_blend_mode et-last-child et_block_column\">\n\t\t\t\t\n\t\t\t\t\n\t\t\t\t\n\t\t\t\t\n\t\t\t\t<div class=\"et_pb_module et_d4_element et_pb_text et_pb_text_0  et_pb_text_align_left et_pb_bg_layout_light\">\n\t\t\t\t\n\t\t\t\t\n\t\t\t\t\n\t\t\t\t\n\t\t\t\t<div class=\"et_pb_text_inner\">Nuestra misi\u00f3n: Crear una historia, una narraci\u00f3n de su marca, desde el origen hasta el d\u00eda de hoy, en palabras e im\u00e1genes.<\/p>\n<p>Nuestro equipo se sumerge en el mundo de cada marca para traducir su ADN, sus valores y sus aspiraciones de identidad. As\u00ed, nutrir\u00e1, enriquecer\u00e1 y sublimar\u00e1 su historia reforzando sus puntos de anclaje en el mercado. Esta reflexi\u00f3n favorece la creaci\u00f3n y puesta en escena de contenidos relevantes y originales.<\/div>\n\t\t\t<\/div>\n\t\t\t<\/div>\n\t\t\t\t\n\t\t\t\t\n\t\t\t\t\n\t\t\t\t\n\t\t\t<\/div>\n\t\t\t\t\n\t\t\t\t\n\t\t\t<\/div>\n","protected":false},"excerpt":{"rendered":"<p>La agencia de relaciones con la prensa Open2Europe le ayudar\u00e1 a sacar a la luz la historia de su marca <\/p>\n","protected":false},"author":1,"featured_media":0,"parent":0,"menu_order":0,"comment_status":"closed","ping_status":"closed","template":"","meta":{"_acf_changed":false,"content-type":"","_et_pb_use_builder":"off","_et_pb_old_content":"","_et_gb_content_width":"","footnotes":""},"class_list":["post-23508","page","type-page","status-publish","hentry"],"acf":[],"aioseo_notices":[],"_links":{"self":[{"href":"https:\/\/open2europe.com\/es\/wp-json\/wp\/v2\/pages\/23508","targetHints":{"allow":["GET"]}}],"collection":[{"href":"https:\/\/open2europe.com\/es\/wp-json\/wp\/v2\/pages"}],"about":[{"href":"https:\/\/open2europe.com\/es\/wp-json\/wp\/v2\/types\/page"}],"author":[{"embeddable":true,"href":"https:\/\/open2europe.com\/es\/wp-json\/wp\/v2\/users\/1"}],"replies":[{"embeddable":true,"href":"https:\/\/open2europe.com\/es\/wp-json\/wp\/v2\/comments?post=23508"}],"version-history":[{"count":2,"href":"https:\/\/open2europe.com\/es\/wp-json\/wp\/v2\/pages\/23508\/revisions"}],"predecessor-version":[{"id":23510,"href":"https:\/\/open2europe.com\/es\/wp-json\/wp\/v2\/pages\/23508\/revisions\/23510"}],"wp:attachment":[{"href":"https:\/\/open2europe.com\/es\/wp-json\/wp\/v2\/media?parent=23508"}],"curies":[{"name":"wp","href":"https:\/\/api.w.org\/{rel}","templated":true}]}}

<div class="et_d4_element et_pb_section et_pb_section_0  et_pb_css_mix_blend_mode et_section_regular et_block_section" >
				
				
				
				
				
				
				<div class="et_d4_element et_pb_row et_pb_row_0  et_pb_css_mix_blend_mode et_block_row">
				<div class="et_d4_element et_pb_column_4_4 et_pb_column et_pb_column_0  et_pb_css_mix_blend_mode et-last-child et_block_column">
				
				
				
				
				<div class="et_pb_module et_d4_element et_pb_text et_pb_text_0  et_pb_text_align_left et_pb_bg_layout_light">
				
				
				
				
				<div class="et_pb_text_inner">Nuestra misión: Crear una historia, una narración de su marca, desde el origen hasta el día de hoy, en palabras e imágenes.</p>
<p>Nuestro equipo se sumerge en el mundo de cada marca para traducir su ADN, sus valores y sus aspiraciones de identidad. Así, nutrirá, enriquecerá y sublimará su historia reforzando sus puntos de anclaje en el mercado. Esta reflexión favorece la creación y puesta en escena de contenidos relevantes y originales.</div>
			</div>
			</div>
				
				
				
				
			</div>
				
				
			</div>

<p>La agencia de relaciones con la prensa Open2Europe le ayudará a sacar a la luz la historia de su marca </p>
