{"id":23587,"date":"2021-12-16T15:19:05","date_gmt":"2021-12-16T14:19:05","guid":{"rendered":"https:\/\/open2europe.com\/agencia-de-imagen-digital\/"},"modified":"2026-02-04T13:52:03","modified_gmt":"2026-02-04T12:52:03","slug":"agencia-de-imagen-digital","status":"publish","type":"page","link":"https:\/\/open2europe.com\/es\/agencia-de-imagen-digital\/","title":{"rendered":"Agencia de Imagen Digital"},"content":{"rendered":"<div class=\"et_pb_section_0 et_pb_section et_section_regular et_block_section\"><div class=\"et_pb_row_0 et_pb_row et_block_row\"><div class=\"et_pb_column_0 et_pb_column et_pb_column_4_4 et-last-child et_block_column et_pb_css_mix_blend_mode_passthrough\"><div class=\"et_pb_text_0 et_pb_text et_pb_bg_layout_light et_pb_module et_block_module\"><div class=\"et_pb_text_inner\"><p>Comunicar en la web implica tener una imagen digital perfectamente dominada, ya sea para su sitio web o para las redes sociales. Todos los canales deben reflejar la misma imagen de su empresa para garantizar la mejor reputaci\u00f3n electr\u00f3nica posible.<\/p>\n<\/div><\/div><\/div><\/div><\/div>","protected":false},"excerpt":{"rendered":"<p>La web es el canal de comunicaci\u00f3n m\u00e1s visible para sus diferentes p\u00fablicos<\/p>\n","protected":false},"author":1,"featured_media":0,"parent":0,"menu_order":0,"comment_status":"closed","ping_status":"closed","template":"","meta":{"_acf_changed":false,"content-type":"","footnotes":""},"class_list":["post-23587","page","type-page","status-publish","hentry"],"acf":[],"aioseo_notices":[],"_links":{"self":[{"href":"https:\/\/open2europe.com\/es\/wp-json\/wp\/v2\/pages\/23587","targetHints":{"allow":["GET"]}}],"collection":[{"href":"https:\/\/open2europe.com\/es\/wp-json\/wp\/v2\/pages"}],"about":[{"href":"https:\/\/open2europe.com\/es\/wp-json\/wp\/v2\/types\/page"}],"author":[{"embeddable":true,"href":"https:\/\/open2europe.com\/es\/wp-json\/wp\/v2\/users\/1"}],"replies":[{"embeddable":true,"href":"https:\/\/open2europe.com\/es\/wp-json\/wp\/v2\/comments?post=23587"}],"version-history":[{"count":3,"href":"https:\/\/open2europe.com\/es\/wp-json\/wp\/v2\/pages\/23587\/revisions"}],"predecessor-version":[{"id":31630,"href":"https:\/\/open2europe.com\/es\/wp-json\/wp\/v2\/pages\/23587\/revisions\/31630"}],"wp:attachment":[{"href":"https:\/\/open2europe.com\/es\/wp-json\/wp\/v2\/media?parent=23587"}],"curies":[{"name":"wp","href":"https:\/\/api.w.org\/{rel}","templated":true}]}}

<div class="et_pb_section_0 et_pb_section et_section_regular et_block_section"><div class="et_pb_row_0 et_pb_row et_block_row"><div class="et_pb_column_0 et_pb_column et_pb_column_4_4 et-last-child et_block_column et_pb_css_mix_blend_mode_passthrough"><div class="et_pb_text_0 et_pb_text et_pb_bg_layout_light et_pb_module et_block_module"><div class="et_pb_text_inner"><p>Comunicar en la web implica tener una imagen digital perfectamente dominada, ya sea para su sitio web o para las redes sociales. Todos los canales deben reflejar la misma imagen de su empresa para garantizar la mejor reputación electrónica posible.</p>
</div></div></div></div></div>

<p>La web es el canal de comunicación más visible para sus diferentes públicos</p>
